{"id":48,"date":"2013-01-14T17:09:12","date_gmt":"2013-01-14T16:09:12","guid":{"rendered":"http:\/\/carwashburgdorf.de\/?page_id=48"},"modified":"2024-11-19T12:07:17","modified_gmt":"2024-11-19T11:07:17","slug":"angebote","status":"publish","type":"page","link":"http:\/\/carwashburgdorf.de\/?page_id=48","title":{"rendered":"Angebote"},"content":{"rendered":"<p><strong>Einmal zahlen<\/strong><strong style=\"line-height: 1.714285714; font-size: 1rem;\">, immer ein sauberes Pflegetuch:<\/strong><\/p>\n<p>&nbsp;<\/p>\n<p><strong style=\"line-height: 1.714285714; font-size: 1rem;\">und so funktioniert es:<\/strong><\/p>\n<p>&#8211; Sie erwerben das Spezial-Pflegetuch f\u00fcr \u20ac 3,50. Nach der Autow\u00e4sche k\u00f6nnen Sie ihr Fahrzeug entsprechend mit dem Tuch pflegen.<\/p>\n<p>&#8211; Das benutzte Tuch bringen Sie zur n\u00e4chsten Autow\u00e4sche mit. Hier wird es dann bei jeder W\u00e4sche erneut gegen ein gewaschenes Tuch kostenfrei getauscht.<\/p>\n<p>&#8211; Ausgenommen sind besch\u00e4digte\u00a0oder von\u00a0\u00d6l und Fett verschmutze T\u00fccher.<\/p>\n<p>Bei Verlust\u00a0\u00fcbernehmen\u00a0wir keine Haftung.<\/p>\n","protected":false},"excerpt":{"rendered":"<p>Einmal zahlen, immer ein sauberes Pflegetuch: &nbsp; und so funktioniert es: &#8211; Sie erwerben das Spezial-Pflegetuch f\u00fcr \u20ac 3,50. Nach der Autow\u00e4sche k\u00f6nnen Sie ihr Fahrzeug entsprechend mit dem Tuch pflegen. &#8211; Das benutzte Tuch bringen Sie zur n\u00e4chsten Autow\u00e4sche mit. Hier wird es dann bei jeder W\u00e4sche erneut gegen ein gewaschenes Tuch kostenfrei getauscht. [&hellip;]<\/p>\n","protected":false},"author":2,"featured_media":0,"parent":0,"menu_order":0,"comment_status":"closed","ping_status":"closed","template":"","meta":{"footnotes":""},"class_list":["post-48","page","type-page","status-publish","hentry"],"_links":{"self":[{"href":"http:\/\/carwashburgdorf.de\/index.php?rest_route=\/wp\/v2\/pages\/48","targetHints":{"allow":["GET"]}}],"collection":[{"href":"http:\/\/carwashburgdorf.de\/index.php?rest_route=\/wp\/v2\/pages"}],"about":[{"href":"http:\/\/carwashburgdorf.de\/index.php?rest_route=\/wp\/v2\/types\/page"}],"author":[{"embeddable":true,"href":"http:\/\/carwashburgdorf.de\/index.php?rest_route=\/wp\/v2\/users\/2"}],"replies":[{"embeddable":true,"href":"http:\/\/carwashburgdorf.de\/index.php?rest_route=%2Fwp%2Fv2%2Fcomments&post=48"}],"version-history":[{"count":12,"href":"http:\/\/carwashburgdorf.de\/index.php?rest_route=\/wp\/v2\/pages\/48\/revisions"}],"predecessor-version":[{"id":182,"href":"http:\/\/carwashburgdorf.de\/index.php?rest_route=\/wp\/v2\/pages\/48\/revisions\/182"}],"wp:attachment":[{"href":"http:\/\/carwashburgdorf.de\/index.php?rest_route=%2Fwp%2Fv2%2Fmedia&parent=48"}],"curies":[{"name":"wp","href":"https:\/\/api.w.org\/{rel}","templated":true}]}}